{"id":55,"date":"2016-06-13T15:48:45","date_gmt":"2016-06-13T13:48:45","guid":{"rendered":"http:\/\/sw-themes.com\/porto_dummy\/?page_id=55"},"modified":"2021-11-14T15:31:33","modified_gmt":"2021-11-14T14:31:33","slug":"o-nama","status":"publish","type":"page","link":"https:\/\/skolski-servis.hr\/index.php\/o-nama\/","title":{"rendered":"O nama"},"content":{"rendered":"\t\t<div data-elementor-type=\"wp-page\" data-elementor-id=\"55\" class=\"elementor elementor-55\">\n\t\t\t\t\t\t\t\t\t<section class=\"elementor-section elementor-top-section elementor-element elementor-element-077b287 elementor-section-full_width space-xlg elementor-section-height-default elementor-section-height-default\" data-id=\"077b287\" data-element_type=\"section\">\r\n\t\t\t\r\n\t\t\t\t\t\t\t\t\t<div class=\"elementor-container elementor-column-gap-default\">\r\n\t\t\t\t\t\t\t\t\t\t\t<div class=\"elementor-column elementor-col-100 elementor-top-column elementor-element elementor-element-4ec308b\" data-id=\"4ec308b\" data-element_type=\"column\">\r\n\r\n\t\t\t\t\t<div class=\"elementor-widget-wrap elementor-element-populated\">\r\n\t\t\t\t\t\t\t\t<div class=\"elementor-element elementor-element-6f4d2a4 m-b-xlg elementor-widget elementor-widget-heading\" data-id=\"6f4d2a4\" data-element_type=\"widget\" data-widget_type=\"heading.default\">\n\t\t\t\t<div class=\"elementor-widget-container\">\n\t\t\t<style>\/*! elementor - v3.8.1 - 13-11-2022 *\/\n.elementor-heading-title{padding:0;margin:0;line-height:1}.elementor-widget-heading .elementor-heading-title[class*=elementor-size-]>a{color:inherit;font-size:inherit;line-height:inherit}.elementor-widget-heading .elementor-heading-title.elementor-size-small{font-size:15px}.elementor-widget-heading .elementor-heading-title.elementor-size-medium{font-size:19px}.elementor-widget-heading .elementor-heading-title.elementor-size-large{font-size:29px}.elementor-widget-heading .elementor-heading-title.elementor-size-xl{font-size:39px}.elementor-widget-heading .elementor-heading-title.elementor-size-xxl{font-size:59px}<\/style><h2 class=\"elementor-heading-title elementor-size-default\">PUT DO USPJEHA<\/h2>\t\t<\/div>\n\t\t\t\t<\/div>\n\t\t\t\t<div class=\"elementor-element elementor-element-c45df1c p-t-sm m-b elementor-widget elementor-widget-heading\" data-id=\"c45df1c\" data-element_type=\"widget\" data-widget_type=\"heading.default\">\n\t\t\t\t<div class=\"elementor-widget-container\">\n\t\t\t<h3 class=\"elementor-heading-title elementor-size-default\">Tko smo mi<\/h3>\t\t<\/div>\n\t\t\t\t<\/div>\n\t\t\t\t<section class=\"elementor-section elementor-inner-section elementor-element elementor-element-9820d26 elementor-section-full_width elementor-section-height-default elementor-section-height-default\" data-id=\"9820d26\" data-element_type=\"section\">\r\n\t\t\t\r\n\t\t\t\t\t\t\t\t\t<div class=\"elementor-container elementor-column-gap-default\">\r\n\t\t\t\t\t\t\t\t\t\t\t<div class=\"elementor-column elementor-col-50 elementor-inner-column elementor-element elementor-element-d0af251\" data-id=\"d0af251\" data-element_type=\"column\">\r\n\r\n\t\t\t\t\t<div class=\"elementor-widget-wrap elementor-element-populated\">\r\n\t\t\t\t\t\t\t\t<div class=\"elementor-element elementor-element-650a405 elementor-widget elementor-widget-text-editor\" data-id=\"650a405\" data-element_type=\"widget\" data-widget_type=\"text-editor.default\">\n\t\t\t\t<div class=\"elementor-widget-container\">\n\t\t\t<style>\/*! elementor - v3.8.1 - 13-11-2022 *\/\n.elementor-widget-text-editor.elementor-drop-cap-view-stacked .elementor-drop-cap{background-color:#818a91;color:#fff}.elementor-widget-text-editor.elementor-drop-cap-view-framed .elementor-drop-cap{color:#818a91;border:3px solid;background-color:transparent}.elementor-widget-text-editor:not(.elementor-drop-cap-view-default) .elementor-drop-cap{margin-top:8px}.elementor-widget-text-editor:not(.elementor-drop-cap-view-default) .elementor-drop-cap-letter{width:1em;height:1em}.elementor-widget-text-editor .elementor-drop-cap{float:left;text-align:center;line-height:1;font-size:50px}.elementor-widget-text-editor .elementor-drop-cap-letter{display:inline-block}<\/style>\t\t\t\t<p>Od utemeljenja 1951. godine \u0160kolski servis d.o.o. uspje\u0161no posluje u podru\u010dju opremanja i projektiranja prosvjetnih, znanstvenih i kulturnih objekata, javnih prostora, kao i svih drugih interijera.<\/p><p>Tijekom 65 godina postojanja opremili smo velik broj \u0161kola, fakulteta, sportskih dvorana, dje\u010djih vrti\u0107a, knji\u017enica, u\u010deni\u010dkih domova, uredskih prostora\u2026<\/p><p>Stalno stru\u010dno usavr\u0161avanje zaposlenih, posjeti sajmovima i kontakti s proizvo\u0111a\u010dima\u00a0 omogu\u0107uju nam davanje stru\u010dnih savjeta i tehnolo\u0161kih rje\u0161enja u podru\u010dju u\u010dila, edukativnih pomagala i namje\u0161taja. Na\u0161 komercijalno-tehni\u010dki tim pomo\u0107i \u0107e vam u odabiru opreme, a dizajnerski tim omogu\u0107iti uvid u izgled budu\u0107ega prostora izradom projekta, vizualizacija ili 3D prikaza.<\/p><div class=\" et_pb_row et_pb_row_1\"><div class=\"et_pb_column et_pb_column_1_2 et_pb_column_1\"><div class=\"et_pb_text et_pb_module et_pb_bg_layout_light et_pb_text_align_left et_pb_text_1\"><p>Svim na\u0161im komitentima pru\u017eamo usluge od idejnih rje\u0161enja do potpune realizacije po sistemu \u201cklju\u010d u ruke\u201d.<br \/>Odlu\u010dite li se za nas, ponudit \u0107emo Vam na izbor:<\/p><ul><li>projektiranje<\/li><li>izradu tro\u0161kovnika<\/li><li>opremanje objekata do pune funkcionalnosti<\/li><li>savjetovanje pri izboru materijala, dizajna i najpovoljnijih rje\u0161enja za sve tipove interijera<\/li><li>dostavu i monta\u017eu sve potrebne opreme<\/li><li>proizvodnju namje\u0161taja prema Va\u0161im \u017eeljama<\/li><li>odr\u017eavanje<\/li><li>in\u017eenjering<\/li><li>nabavu svih u\u010dila i nastavnih pomagala.<\/li><\/ul><\/div><\/div><\/div>\t\t\t\t\t\t<\/div>\n\t\t\t\t<\/div>\n\t\t\t\t\t<\/div>\r\n\t\t\t\t<\/div>\r\n\t\t\t\t<div class=\"elementor-column elementor-col-50 elementor-inner-column elementor-element elementor-element-a718ee2\" data-id=\"a718ee2\" data-element_type=\"column\">\r\n\r\n\t\t\t\t\t<div class=\"elementor-widget-wrap elementor-element-populated\">\r\n\t\t\t\t\t\t\t\t<div class=\"elementor-element elementor-element-288dc7d elementor-widget elementor-widget-text-editor\" data-id=\"288dc7d\" data-element_type=\"widget\" data-widget_type=\"text-editor.default\">\n\t\t\t\t<div class=\"elementor-widget-container\">\n\t\t\t\t\t\t\t<p>Bilo da je rije\u010d o opremanju prema projektima investitora, na\u0161im originalnim projektima ili ispunjavanju \u017eelja na\u0161ih klijenata, na\u0161 tim oprema:<br \/>dje\u010dje vrti\u0107e, osnovne i srednje \u0161kole, visoko\u0161kolske ustanove i fakultete, knji\u017enice, muzeje, sportske dvorane, u\u010deni\u010dke i kulturne domove, domove za starije i nemo\u0107ne osobe i td.<\/p><p>Tako\u0111er, ukoliko hitno trebate nova ra\u010dunala, projektore, pametne plo\u010de ili \u00a0ako u Va\u0161oj \u0161koli nedostaje klupa i stolaca, mjesta na policama ili u\u010dila kojima biste osuvremenili nastavu, postoji jednostavno, brzo i fleksibilno rje\u0161enje: iskoristite mogu\u0107nosti financiranja putem operativnoga najma u suradnji s na\u0161im partnerom tvrtkom Grenke Hrvatska.<\/p><div class=\"et_pb_section et_pb_section_2 et_section_regular\"><div class=\" et_pb_row et_pb_row_2\"><div class=\"et_pb_column et_pb_column_1_2 et_pb_column_2\"><div class=\"et_pb_promo et_pb_module et_pb_bg_layout_light et_pb_text_align_left et_pb_cta_1 et_pb_no_bg\"><div class=\"et_pb_promo_description\"><p>Prednosti najma opreme:<\/p><ul><li>najamnina je 100% tro\u0161ak<\/li><li>ne smanjujete likvidnost, kreditnu sposobnost, bolje raspola\u017eete zadanim bud\u017eetom<\/li><li>ne smanjujete kreditni rejting<\/li><li>nema u\u010de\u0161\u0107a u financiranju<\/li><li>nema promjena u uvjetima financiranja<\/li><li>ne treba ugovarati policu osiguranja<\/li><li>minimalna ukupna vrijednost tra\u017eene opreme je 4.000,00kn neto<\/li><li>birate broj otplatnih obroka: od 12 do 60<\/li><li>minimalno vrijeme obrade i odobrenja najma, bez tro\u0161kova obrade<\/li><li>\u017eeljenu opremu preuzimate odmah.<\/li><\/ul><p>Za sve informacije i upite stojimo na raspolaganju.<\/p><\/div><\/div><\/div><\/div><\/div><p>Katalog \u0161kolske opreme prelistajte\u00a0<a href=\"http:\/\/www.skolski-servis.hr\/katalozi\/\">ovdje.<\/a><\/p><p>Dio na\u0161ih referenci mo\u017eete pogledati\u00a0<a href=\"http:\/\/www.skolski-servis.hr\/reference\/\">ovdje .<\/a><\/p><div class=\" et_pb_row et_pb_row_1\"><div class=\"et_pb_column et_pb_column_1_2 et_pb_column_1\"><div class=\"et_pb_text et_pb_module et_pb_bg_layout_light et_pb_text_align_left et_pb_text_1\">\u00a0<\/div><\/div><\/div>\t\t\t\t\t\t<\/div>\n\t\t\t\t<\/div>\n\t\t\t\t\t<\/div>\r\n\t\t\t\t<\/div>\r\n\t\t\t\t\t\t<\/div>\r\n\t\t\t\t<\/section>\r\n\t\t\t\t<div class=\"elementor-element elementor-element-636643d m-b-xlg elementor-widget elementor-widget-heading\" data-id=\"636643d\" data-element_type=\"widget\" data-widget_type=\"heading.default\">\n\t\t\t\t<div class=\"elementor-widget-container\">\n\t\t\t<h2 class=\"elementor-heading-title elementor-size-default\">NA\u0160A POVIJEST<\/h2>\t\t<\/div>\n\t\t\t\t<\/div>\n\t\t\t\t<section class=\"elementor-section elementor-inner-section elementor-element elementor-element-0dd4748 elementor-section-full_width elementor-section-height-default elementor-section-height-default\" data-id=\"0dd4748\" data-element_type=\"section\">\r\n\t\t\t\r\n\t\t\t\t\t\t\t\t\t<div class=\"elementor-container elementor-column-gap-default\">\r\n\t\t\t\t\t\t\t\t\t\t\t<div class=\"elementor-column elementor-col-50 elementor-inner-column elementor-element elementor-element-9e5275e\" data-id=\"9e5275e\" data-element_type=\"column\">\r\n\r\n\t\t\t\t\t<div class=\"elementor-widget-wrap elementor-element-populated\">\r\n\t\t\t\t\t\t\t\t<div class=\"elementor-element elementor-element-e92fc4f elementor-pagination-position-outside elementor-widget elementor-widget-image-carousel\" data-id=\"e92fc4f\" data-element_type=\"widget\" data-settings=\"{&quot;slides_to_show&quot;:&quot;1&quot;,&quot;navigation&quot;:&quot;dots&quot;,&quot;autoplay&quot;:&quot;no&quot;,&quot;infinite&quot;:&quot;no&quot;,&quot;effect&quot;:&quot;slide&quot;,&quot;speed&quot;:500}\" data-widget_type=\"image-carousel.default\">\n\t\t\t\t<div class=\"elementor-widget-container\">\n\t\t\t<style>\/*! elementor - v3.8.1 - 13-11-2022 *\/\n.elementor-widget-image-carousel .swiper-container{position:static}.elementor-widget-image-carousel .swiper-container .swiper-slide figure{line-height:inherit}.elementor-widget-image-carousel .swiper-slide{text-align:center}.elementor-image-carousel-wrapper:not(.swiper-container-initialized) .swiper-slide{max-width:calc(100% \/ var(--e-image-carousel-slides-to-show, 3))}<\/style>\t\t<div class=\"elementor-image-carousel-wrapper swiper-container\" dir=\"ltr\">\n\t\t\t<div class=\"elementor-image-carousel swiper-wrapper swiper-image-stretch\">\n\t\t\t\t\t\t\t\t<div class=\"swiper-slide\"><figure class=\"swiper-slide-inner\"><img decoding=\"async\" class=\"swiper-slide-image\" src=\"https:\/\/skolski-servis.hr\/wp-content\/uploads\/2021\/11\/zoo-14.jpg\" alt=\"zoo-14\" \/><\/figure><\/div><div class=\"swiper-slide\"><figure class=\"swiper-slide-inner\"><img decoding=\"async\" class=\"swiper-slide-image\" src=\"https:\/\/skolski-servis.hr\/wp-content\/uploads\/2021\/11\/kazalibte_antoniogandusio.jpg\" alt=\"kazalibte_antoniogandusio\" \/><\/figure><\/div><div class=\"swiper-slide\"><figure class=\"swiper-slide-inner\"><img decoding=\"async\" class=\"swiper-slide-image\" src=\"https:\/\/skolski-servis.hr\/wp-content\/uploads\/2021\/11\/008-scaled.jpg\" alt=\"008\" \/><\/figure><\/div>\t\t\t<\/div>\n\t\t\t\t\t\t\t\t\t\t\t\t<div class=\"swiper-pagination\"><\/div>\n\t\t\t\t\t\t\t\t\t\t\t\t\t<\/div>\n\t\t\t\t<\/div>\n\t\t\t\t<\/div>\n\t\t\t\t\t<\/div>\r\n\t\t\t\t<\/div>\r\n\t\t\t\t<div class=\"elementor-column elementor-col-50 elementor-inner-column elementor-element elementor-element-bab72f9\" data-id=\"bab72f9\" data-element_type=\"column\">\r\n\r\n\t\t\t\t\t<div class=\"elementor-widget-wrap elementor-element-populated\">\r\n\t\t\t\t\t\t\t\t<div class=\"elementor-element elementor-element-d6956d0 p-t-sm m-b elementor-widget elementor-widget-heading\" data-id=\"d6956d0\" data-element_type=\"widget\" data-widget_type=\"heading.default\">\n\t\t\t\t<div class=\"elementor-widget-container\">\n\t\t\t<h3 class=\"elementor-heading-title elementor-size-default\">1951<\/h3>\t\t<\/div>\n\t\t\t\t<\/div>\n\t\t\t\t<div class=\"elementor-element elementor-element-02e53ed elementor-widget elementor-widget-text-editor\" data-id=\"02e53ed\" data-element_type=\"widget\" data-widget_type=\"text-editor.default\">\n\t\t\t\t<div class=\"elementor-widget-container\">\n\t\t\t\t\t\t\t<p>Aliquam consectetur et lorem semper scelerisque. Proin est nibh, vestibulum vitae congue nec, tristique eu justo. Maecenas eu nunc lacinia, porta lorem vitae, viverra velit. Nulla dolor libero, rhoncus quis luctus eu, fermentum sed leo. Morbi ut risus porttitor odio sodales pulvinar. Sed gravida nulla sed sapien vulputate, eget malesuada justo egestas. Pellentesque sem mi, vulputate ac iaculis sit amet, sagittis feugiat dui. Proin non pellentesque leo. Vestibulum varius laoreet posuere. Etiam fringilla diam odio.<\/p><p>Nulla felis nibh, bibendum a leo ut, egestas ornare felis. Nam pretium mauris justo, eget commodo est fringilla vel. Proin condimentum, lacus sit amet finibus gravida, sapien ligula mattis leo, sit amet mattis leo lacus sit amet lectus. Nulla facilisi. Etiam porta iaculis velit id pulvinar. Sed dolor odio, eleifend eget aliquam vitae, efficitur vitae dolor.<\/p>\t\t\t\t\t\t<\/div>\n\t\t\t\t<\/div>\n\t\t\t\t\t<\/div>\r\n\t\t\t\t<\/div>\r\n\t\t\t\t\t\t<\/div>\r\n\t\t\t\t<\/section>\r\n\t\t\t\t<section class=\"elementor-section elementor-inner-section elementor-element elementor-element-df79801 elementor-section-full_width elementor-section-height-default elementor-section-height-default\" data-id=\"df79801\" data-element_type=\"section\">\r\n\t\t\t\r\n\t\t\t\t\t\t\t\t\t<div class=\"elementor-container elementor-column-gap-default\">\r\n\t\t\t\t\t\t\t\t\t\t\t<div class=\"elementor-column elementor-col-50 elementor-inner-column elementor-element elementor-element-48459f2 order-lg-1\" data-id=\"48459f2\" data-element_type=\"column\">\r\n\r\n\t\t\t\t\t<div class=\"elementor-widget-wrap elementor-element-populated\">\r\n\t\t\t\t\t\t\t\t<div class=\"elementor-element elementor-element-7e4d7dd elementor-pagination-position-outside elementor-widget elementor-widget-image-carousel\" data-id=\"7e4d7dd\" data-element_type=\"widget\" data-settings=\"{&quot;slides_to_show&quot;:&quot;1&quot;,&quot;navigation&quot;:&quot;dots&quot;,&quot;autoplay&quot;:&quot;no&quot;,&quot;infinite&quot;:&quot;no&quot;,&quot;effect&quot;:&quot;slide&quot;,&quot;speed&quot;:500}\" data-widget_type=\"image-carousel.default\">\n\t\t\t\t<div class=\"elementor-widget-container\">\n\t\t\t\t\t<div class=\"elementor-image-carousel-wrapper swiper-container\" dir=\"ltr\">\n\t\t\t<div class=\"elementor-image-carousel swiper-wrapper swiper-image-stretch\">\n\t\t\t\t\t\t\t\t<div class=\"swiper-slide\"><figure class=\"swiper-slide-inner\"><img decoding=\"async\" class=\"swiper-slide-image\" src=\"https:\/\/skolski-servis.hr\/wp-content\/uploads\/2021\/11\/kazalibte_antoniogandusio.jpg\" alt=\"kazalibte_antoniogandusio\" \/><\/figure><\/div><div class=\"swiper-slide\"><figure class=\"swiper-slide-inner\"><img decoding=\"async\" class=\"swiper-slide-image\" src=\"https:\/\/skolski-servis.hr\/wp-content\/uploads\/2021\/11\/008-scaled.jpg\" alt=\"008\" \/><\/figure><\/div>\t\t\t<\/div>\n\t\t\t\t\t\t\t\t\t\t\t\t<div class=\"swiper-pagination\"><\/div>\n\t\t\t\t\t\t\t\t\t\t\t\t\t<\/div>\n\t\t\t\t<\/div>\n\t\t\t\t<\/div>\n\t\t\t\t\t<\/div>\r\n\t\t\t\t<\/div>\r\n\t\t\t\t<div class=\"elementor-column elementor-col-50 elementor-inner-column elementor-element elementor-element-70e5c88\" data-id=\"70e5c88\" data-element_type=\"column\">\r\n\r\n\t\t\t\t\t<div class=\"elementor-widget-wrap elementor-element-populated\">\r\n\t\t\t\t\t\t\t\t<div class=\"elementor-element elementor-element-60ded6d p-t-sm m-b elementor-widget elementor-widget-heading\" data-id=\"60ded6d\" data-element_type=\"widget\" data-widget_type=\"heading.default\">\n\t\t\t\t<div class=\"elementor-widget-container\">\n\t\t\t<h3 class=\"elementor-heading-title elementor-size-default\">1991<\/h3>\t\t<\/div>\n\t\t\t\t<\/div>\n\t\t\t\t<div class=\"elementor-element elementor-element-149e8c0 elementor-widget elementor-widget-text-editor\" data-id=\"149e8c0\" data-element_type=\"widget\" data-widget_type=\"text-editor.default\">\n\t\t\t\t<div class=\"elementor-widget-container\">\n\t\t\t\t\t\t\t<p>Aliquam consectetur et lorem semper scelerisque. Proin est nibh, vestibulum vitae congue nec, tristique eu justo. Maecenas eu nunc lacinia, porta lorem vitae, viverra velit. Nulla dolor libero, rhoncus quis luctus eu, fermentum sed leo. Morbi ut risus porttitor odio sodales pulvinar. Sed gravida nulla sed sapien vulputate, eget malesuada justo egestas. Pellentesque sem mi, vulputate ac iaculis sit amet, sagittis feugiat dui. Proin non pellentesque leo. Vestibulum varius laoreet posuere. Etiam fringilla diam odio.<\/p><p>Nulla felis nibh, bibendum a leo ut, egestas ornare felis. Nam pretium mauris justo, eget commodo est fringilla vel. Proin condimentum, lacus sit amet finibus gravida, sapien ligula mattis leo, sit amet mattis leo lacus sit amet lectus. Nulla facilisi. Etiam porta iaculis velit id pulvinar. Sed dolor odio, eleifend eget aliquam vitae, efficitur vitae dolor.<\/p>\t\t\t\t\t\t<\/div>\n\t\t\t\t<\/div>\n\t\t\t\t\t<\/div>\r\n\t\t\t\t<\/div>\r\n\t\t\t\t\t\t<\/div>\r\n\t\t\t\t<\/section>\r\n\t\t\t\t<section class=\"elementor-section elementor-inner-section elementor-element elementor-element-91b2f3c elementor-section-full_width mb-4 elementor-section-height-default elementor-section-height-default\" data-id=\"91b2f3c\" data-element_type=\"section\">\r\n\t\t\t\r\n\t\t\t\t\t\t\t\t\t<div class=\"elementor-container elementor-column-gap-default\">\r\n\t\t\t\t\t\t\t\t\t\t\t<div class=\"elementor-column elementor-col-50 elementor-inner-column elementor-element elementor-element-a934b65\" data-id=\"a934b65\" data-element_type=\"column\">\r\n\r\n\t\t\t\t\t<div class=\"elementor-widget-wrap elementor-element-populated\">\r\n\t\t\t\t\t\t\t\t<div class=\"elementor-element elementor-element-ff3fa98 elementor-pagination-position-outside elementor-widget elementor-widget-image-carousel\" data-id=\"ff3fa98\" data-element_type=\"widget\" data-settings=\"{&quot;slides_to_show&quot;:&quot;1&quot;,&quot;navigation&quot;:&quot;dots&quot;,&quot;autoplay&quot;:&quot;no&quot;,&quot;infinite&quot;:&quot;no&quot;,&quot;effect&quot;:&quot;slide&quot;,&quot;speed&quot;:500}\" data-widget_type=\"image-carousel.default\">\n\t\t\t\t<div class=\"elementor-widget-container\">\n\t\t\t\t\t<div class=\"elementor-image-carousel-wrapper swiper-container\" dir=\"ltr\">\n\t\t\t<div class=\"elementor-image-carousel swiper-wrapper swiper-image-stretch\">\n\t\t\t\t\t\t\t\t<div class=\"swiper-slide\"><figure class=\"swiper-slide-inner\"><img decoding=\"async\" class=\"swiper-slide-image\" src=\"https:\/\/skolski-servis.hr\/wp-content\/uploads\/2021\/11\/008-scaled.jpg\" alt=\"008\" \/><\/figure><\/div><div class=\"swiper-slide\"><figure class=\"swiper-slide-inner\"><img decoding=\"async\" class=\"swiper-slide-image\" src=\"https:\/\/skolski-servis.hr\/wp-content\/uploads\/2021\/11\/kazalibte_antoniogandusio.jpg\" alt=\"kazalibte_antoniogandusio\" \/><\/figure><\/div>\t\t\t<\/div>\n\t\t\t\t\t\t\t\t\t\t\t\t<div class=\"swiper-pagination\"><\/div>\n\t\t\t\t\t\t\t\t\t\t\t\t\t<\/div>\n\t\t\t\t<\/div>\n\t\t\t\t<\/div>\n\t\t\t\t\t<\/div>\r\n\t\t\t\t<\/div>\r\n\t\t\t\t<div class=\"elementor-column elementor-col-50 elementor-inner-column elementor-element elementor-element-b40f41c\" data-id=\"b40f41c\" data-element_type=\"column\">\r\n\r\n\t\t\t\t\t<div class=\"elementor-widget-wrap elementor-element-populated\">\r\n\t\t\t\t\t\t\t\t<div class=\"elementor-element elementor-element-c5d71f1 p-t-sm m-b elementor-widget elementor-widget-heading\" data-id=\"c5d71f1\" data-element_type=\"widget\" data-widget_type=\"heading.default\">\n\t\t\t\t<div class=\"elementor-widget-container\">\n\t\t\t<h3 class=\"elementor-heading-title elementor-size-default\">2021<\/h3>\t\t<\/div>\n\t\t\t\t<\/div>\n\t\t\t\t<div class=\"elementor-element elementor-element-f712230 elementor-widget elementor-widget-text-editor\" data-id=\"f712230\" data-element_type=\"widget\" data-widget_type=\"text-editor.default\">\n\t\t\t\t<div class=\"elementor-widget-container\">\n\t\t\t\t\t\t\t<p>Aliquam consectetur et lorem semper scelerisque. Proin est nibh, vestibulum vitae congue nec, tristique eu justo. Maecenas eu nunc lacinia, porta lorem vitae, viverra velit. Nulla dolor libero, rhoncus quis luctus eu, fermentum sed leo. Morbi ut risus porttitor odio sodales pulvinar. Sed gravida nulla sed sapien vulputate, eget malesuada justo egestas. Pellentesque sem mi, vulputate ac iaculis sit amet, sagittis feugiat dui. Proin non pellentesque leo. Vestibulum varius laoreet posuere. Etiam fringilla diam odio.<\/p><p>Nulla felis nibh, bibendum a leo ut, egestas ornare felis. Nam pretium mauris justo, eget commodo est fringilla vel. Proin condimentum, lacus sit amet finibus gravida, sapien ligula mattis leo, sit amet mattis leo lacus sit amet lectus. Nulla facilisi. Etiam porta iaculis velit id pulvinar. Sed dolor odio, eleifend eget aliquam vitae, efficitur vitae dolor.<\/p>\t\t\t\t\t\t<\/div>\n\t\t\t\t<\/div>\n\t\t\t\t\t<\/div>\r\n\t\t\t\t<\/div>\r\n\t\t\t\t\t\t<\/div>\r\n\t\t\t\t<\/section>\r\n\t\t\t\t\t<\/div>\r\n\t\t\t\t<\/div>\r\n\t\t\t\t\t\t<\/div>\r\n\t\t\t\t<\/section>\r\n\t\t\t\t\t\t\t<\/div>\n\t\t","protected":false},"excerpt":{"rendered":"<p>PUT DO USPJEHA Tko smo mi Od utemeljenja 1951. godine \u0160kolski servis d.o.o. uspje\u0161no posluje u podru\u010dju opremanja i projektiranja prosvjetnih, znanstvenih i kulturnih objekata, javnih prostora, kao i svih drugih interijera. Tijekom 65 godina postojanja opremili smo velik broj \u0161kola, fakulteta, sportskih dvorana, dje\u010djih vrti\u0107a, knji\u017enica, u\u010deni\u010dkih domova, uredskih prostora\u2026 Stalno stru\u010dno usavr\u0161avanje zaposlenih, [&hellip;]<\/p>\n","protected":false},"author":1,"featured_media":0,"parent":0,"menu_order":0,"comment_status":"closed","ping_status":"closed","template":"","meta":{"footnotes":""},"class_list":["post-55","page","type-page","status-publish","hentry"],"_links":{"self":[{"href":"https:\/\/skolski-servis.hr\/index.php\/wp-json\/wp\/v2\/pages\/55","targetHints":{"allow":["GET"]}}],"collection":[{"href":"https:\/\/skolski-servis.hr\/index.php\/wp-json\/wp\/v2\/pages"}],"about":[{"href":"https:\/\/skolski-servis.hr\/index.php\/wp-json\/wp\/v2\/types\/page"}],"author":[{"embeddable":true,"href":"https:\/\/skolski-servis.hr\/index.php\/wp-json\/wp\/v2\/users\/1"}],"replies":[{"embeddable":true,"href":"https:\/\/skolski-servis.hr\/index.php\/wp-json\/wp\/v2\/comments?post=55"}],"version-history":[{"count":16,"href":"https:\/\/skolski-servis.hr\/index.php\/wp-json\/wp\/v2\/pages\/55\/revisions"}],"predecessor-version":[{"id":1954,"href":"https:\/\/skolski-servis.hr\/index.php\/wp-json\/wp\/v2\/pages\/55\/revisions\/1954"}],"wp:attachment":[{"href":"https:\/\/skolski-servis.hr\/index.php\/wp-json\/wp\/v2\/media?parent=55"}],"curies":[{"name":"wp","href":"https:\/\/api.w.org\/{rel}","templated":true}]}}